s the highest common divisor of 432579 and 63?
21
Calculate the greatest common divisor of 694050 and 21.
21
Calculate the highest common divisor of 66727 and 53.
53
What is the greatest common divisor of 147 and 516?
3
Calculate the highest common divisor of 323 and 379810.
19
Calculate the greatest common factor of 21712 and 208624.
944
What is the highest common divisor of 1159263 and 63?
63
Calculate the greatest common factor of 76288 and 2048.
512
Calculate the highest common factor of 2835 and 98658.
567
Calculate the highest common divisor of 70953 and 201.
201
What is the greatest common factor of 279 and 167679?
279
What is the highest common factor of 566854 and 1208?
302
Calculate the greatest common divisor of 13014 and 702.
54
What is the highest common divisor of 2676 and 600?
12
What is the greatest common factor of 6215 and 2145?
55
What is the greatest common divisor of 1048 and 322?
2
What is the greatest common factor of 42 and 29918?
14
What is the greatest common divisor of 2628 and 5913?
657
What is the highest common divisor of 837076 and 16?
4
Calculate the highest common factor of 15 and 7835.
5
What is the greatest common factor of 3220 and 5600?
140
What is the highest common factor of 1577 and 9671?
19
Calculate the greatest common divisor of 2856 and 153.
51
Calculate the greatest common factor of 108711 and 423.
423
What is the greatest common factor of 20794 and 89358?
562
Calculate the highest common factor of 84 and 51492.
84
Calculate the highest common divisor of 22 and 3245.
11
What is the greatest common factor of 8598766 and 82?
82
Calculate the greatest common divisor of 1591 and 301.
43
Calculate the greatest common factor of 31908 and 102.
6
Calculate the highest common factor of 670 and 6813230.
670
What is the greatest common divisor of 10219 and 484?
11
What is the highest common divisor of 75352 and 72?
8
Calculate the highest common divisor of 49376 and 80.
16
Calculate the greatest common factor of 217 and 2415.
7
Calculate the highest common divisor of 4 and 3670.
2
Calculate the highest common factor of 655 and 1112321.
131
What is the greatest common factor of 4266 and 5292?
54
Calculate the highest common divisor of 17 and 200957.
17
What is the highest common divisor of 2470 and 627120?
130
What is the highest common divisor of 114648 and 153?
51
Calculate the highest common divisor of 5100 and 709750.
850
Calculate the greatest common factor of 5 and 1221095.
5
Calculate the greatest common factor of 828171 and 1658.
829
Calculate the highest common factor of 39 and 1047.
3
Calculate the greatest common divisor of 1371076 and 1288.
644
Calculate the greatest common divisor of 216 and 1836.
108
Calculate the highest common divisor of 1720 and 454940.
860
What is the highest common factor of 20 and 55010?
10
Calculate the greatest common factor of 7059 and 780.
39
Calculate the highest common divisor of 10155 and 4710.
15
Calculate the greatest common factor of 133488 and 54.
54
What is the greatest common divisor of 124 and 8?
4
What is the greatest common factor of 585860 and 1760?
220
Calculate the greatest common factor of 128 and 602752.
128
What is the greatest common factor of 40828 and 2076?
692
What is the greatest common divisor of 764859 and 2316?
579
What is the greatest common factor of 1106444 and 9128?
652
What is the greatest common divisor of 1347 and 479981?
449
What is the greatest common factor of 16 and 3394088?
8
What is the greatest common factor of 1036 and 423576?
148
What is the highest common divisor of 31188 and 1808?
452
Calculate the greatest common divisor of 69434 and 596.
298
Calculate the highest common divisor of 72 and 932.
4
Calculate the highest common factor of 10478 and 62.
62
What is the highest common factor of 42 and 216944?
14
Calculate the highest common divisor of 78 and 416.
26
What is the highest common divisor of 89 and 49573?
89
What is the highest common divisor of 43386 and 2100?
42
What is the highest common divisor of 870 and 5989950?
870
What is the highest common divisor of 154 and 2350194?
154
What is the highest common factor of 1640 and 20992?
328
What is the highest common divisor of 190 and 208430?
190
What is the greatest common factor of 62 and 168051?
31
What is the highest common factor of 286 and 5356637?
143
Calculate the highest common factor of 4662 and 160284.
222
Calculate the greatest common divisor of 58600 and 13850.
50
What is the highest common divisor of 75818 and 1002?
334
Calculate the highest common divisor of 256 and 400.
16
What is the highest common divisor of 1645432 and 89?
89
What is the highest common factor of 53058 and 555?
111
Calculate the highest common divisor of 81841 and 2230.
223
What is the greatest common divisor of 30508 and 55756?
1052
What is the highest common factor of 2071 and 70087?
109
What is the highest common factor of 990 and 3270?
30
Calculate the highest common factor of 92 and 106076.
92
Calculate the greatest common factor of 81856 and 7008.
32
What is the highest common factor of 67 and 153631?
67
What is the greatest common factor of 15984 and 1221?
111
What is the highest common divisor of 4193856 and 648?
648
Calculate the greatest common factor of 27965 and 425.
85
Calculate the greatest common divisor of 22672 and 24.
8
Calculate the greatest common divisor of 896 and 20048.
112
What is the greatest common divisor of 227 and 312806?
227
Calculate the highest common divisor of 121090 and 10.
10
What is the highest common divisor of 105 and 1120?
35
What is the highest common divisor of 1232 and 74888?
88
Calculate the greatest common factor of 1195 and 161803.
239
Calculate the highest common divisor of 112 and 2289.
7
What is the greatest common divisor of 88090 and 40?
10
Calculate the greatest common factor of 14381106 and 6.
6
Calculate the greatest common factor of 13279 and 14363.
271
What is the highest common divisor of 208451 and 149?
149
Calculate the highest common factor of 255 and 13430.
85
Calculate the highest common factor of 79712 and 329.
47
What is the highest common divisor of 2600 and 306592?
104
What is the greatest common factor of 4753 and 1519?
49
Calculate the highest common factor of 238 and 21322.
14
Calculate the highest common divisor of 48 and 15252.
12
Calculate the greatest common factor of 68 and 81022.
34
What is the highest common factor of 583300 and 60?
20
Calculate the greatest common factor of 11869 and 429.
143
What is the greatest common divisor of 730950 and 1200?
150
What is the greatest common divisor of 70 and 40?
10
Calculate the greatest common factor of 51476 and 136.
68
Calculate the greatest common factor of 35299 and 176.
11
Calculate the greatest common divisor of 85734 and 198.
198
Calculate the greatest common factor of 80 and 930512.
16
Calculate the highest common divisor of 584 and 1040834.
146
Calculate the highest common factor of 93180 and 8940.
60
What is the greatest common divisor of 112 and 26838?
14
What is the greatest common divisor of 19345 and 72635?
365
What is the greatest common factor of 23286 and 6?
6
What is the greatest common factor of 95263 and 4829?
439
What is the highest common divisor of 6 and 1695498?
6
What is the greatest common divisor of 112 and 57736?
56
Calculate the highest common divisor of 6937 and 63.
7
Calculate the greatest common factor of 20575 and 75.
25
What is the greatest common divisor of 4852 and 64?
4
What is the greatest common factor of 331993 and 59?
59
Calculate the greatest common divisor of 4820 and 360.
20
Calculate the highest common divisor of 68220 and 45.
45
What is the greatest common factor of 72693 and 574?
41
What is the highest common divisor of 270 and 100530?
90
What is the greatest common factor of 1248 and 413712?
624
Calculate the greatest common factor of 7367 and 2650.
53
What is the highest common divisor of 5 and 24465?
5
What is the greatest common divisor of 2975 and 725?
25
Calculate the greatest common factor of 20 and 73980.
20
Calculate the highest common factor of 144 and 39546.
18
What is the greatest common divisor of 17003 and 8675?
347
What is the highest common factor of 130 and 69524?
26
What is the greatest common divisor of 1008